{"id":32,"date":"2016-03-15T19:27:35","date_gmt":"2016-03-15T19:27:35","guid":{"rendered":"http:\/\/invested.progressionstudios.com\/?page_id=32"},"modified":"2026-02-21T13:48:54","modified_gmt":"2026-02-21T13:48:54","slug":"nosotros","status":"publish","type":"page","link":"https:\/\/liftcapital.net\/index.php\/nosotros\/","title":{"rendered":"Nosotros"},"content":{"rendered":"<div class=\"wpb-content-wrapper\"><p>[vc_row full_width=&#8221;stretch_row_content_no_spaces&#8221; parallax=&#8221;content-moving&#8221; css=&#8221;.vc_custom_1458147146907{padding-top: 200px !important;padding-bottom: 200px !important;background-image: url(http:\/\/invested.progressionstudios.com\/wp-content\/uploads\/2016\/03\/approach-1.jpg?id=64) !important;background-position: center;background-repeat: no-repeat;background-size:cover !important;}&#8221;][vc_column][\/vc_column][\/vc_row][vc_row][vc_column css=&#8221;.vc_custom_1456417719046{padding-right: 10% !important;padding-left: 10% !important;}&#8221;][vc_custom_heading text=&#8221;Sobre nosotros&#8221; font_container=&#8221;tag:h6|font_size:18px|text_align:left|color:%23a3a9c8&#8243; use_theme_fonts=&#8221;yes&#8221; css=&#8221;.vc_custom_1771681567530{margin-top: 25px !important;margin-bottom: 0px !important;}&#8221;][vc_custom_heading text=&#8221;Lift&#8221; font_container=&#8221;tag:h2|font_size:42px|text_align:left|line_height:1.2&#8243; use_theme_fonts=&#8221;yes&#8221; css=&#8221;&#8221;][vc_custom_heading text=&#8221;Invested Capital expects future benefits as an investment in the form of a positive return. The return may consist of capital gain and\/or investment income, including dividends, interest, rental income etc.&#8221; font_container=&#8221;tag:h5|font_size:21px|text_align:left|color:%230f0f10&#8243; use_theme_fonts=&#8221;yes&#8221; css=&#8221;.vc_custom_1458147607273{margin-bottom: 25px !important;}&#8221;][vc_column_text css=&#8221;&#8221;]<\/p>\n<div class=\"zw-paragraph\" data-width=\"576\" data-textformat=\"{&quot;size&quot;:11}\">\n<div class=\"zw-line-div\">\n<div class=\"zw-line-content\">\n<p>LIFT Capital es la holding financiera que integra estrat\u00e9gicamente cuatro divisiones operativas: LIFT Leasing, LIFT Factoring, LIFT Investments y LIFT Consultores.<\/p>\n<p>Nuestra arquitectura combina operaci\u00f3n financiera en Centroam\u00e9rica con una plataforma de inversi\u00f3n y consultor\u00eda patrimonial basada en Panam\u00e1, creando un ecosistema coherente, eficiente y dise\u00f1ado para acompa\u00f1ar la evoluci\u00f3n del capital a lo largo del tiempo.<\/p>\n<p>Operamos con una filosof\u00eda inspirada en banca privada: claridad, discreci\u00f3n, disciplina financiera y enfoque de largo plazo. Cada soluci\u00f3n se construye desde el an\u00e1lisis, la estructura y la ejecuci\u00f3n, cuidando la confianza como el activo m\u00e1s importante.<\/p>\n<p>Misi\u00f3n:<br \/>\nTransformar capital en libertad financiera mediante un ecosistema de empresas financieras integradas que conectan inversi\u00f3n, financiamiento y asesor\u00eda patrimonial estrat\u00e9gica.<\/p>\n<p>Visi\u00f3n:<br \/>\nConvertirnos en el holding financiero privado m\u00e1s confiable y reconocido de la regi\u00f3n, respaldado por est\u00e1ndares internacionales, disciplina estrat\u00e9gica y alianzas globales.<\/p>\n<\/div>\n<\/div>\n<\/div>\n<p>[\/vc_column_text][\/vc_column][\/vc_row][vc_row full_width=&#8221;stretch_row_content_no_spaces&#8221; video_bg=&#8221;yes&#8221; video_bg_parallax=&#8221;content-moving&#8221; css=&#8221;.vc_custom_1456417751410{margin-top: 45px !important;margin-bottom: 35px !important;}&#8221;][vc_column css=&#8221;.vc_custom_1456417895313{padding-top: 170px !important;padding-bottom: 170px !important;background-color: rgba(24,34,68,0.8) !important;*background-color: rgb(24,34,68) !important;}&#8221;][vc_custom_heading text=&#8221;Global Reach&#8221; font_container=&#8221;tag:h6|font_size:120px|text_align:center|color:%23ffffff&#8221; use_theme_fonts=&#8221;yes&#8221;][\/vc_column][\/vc_row][vc_row][vc_column css=&#8221;.vc_custom_1456417730543{padding-right: 10% !important;padding-left: 10% !important;}&#8221;][vc_custom_heading text=&#8221;Long-established talents operationalize the streamlining management&#8221; font_container=&#8221;tag:h2|font_size:42px|text_align:left|line_height:1.2&#8243; use_theme_fonts=&#8221;yes&#8221;][vc_column_text]Investment companies are business entities, both privately and publicly owned, that manage, sell, and market funds to the public. They typically offer investors a variety of funds and investment services, which include portfolio management, recordkeeping, custodial, legal, accounting and tax management services. In the U.S., most investment companies are registered with and regulated by the Securities &amp; Exchange Commission.[\/vc_column_text][\/vc_column][\/vc_row][vc_row full_width=&#8221;stretch_row&#8221; equal_height=&#8221;yes&#8221; css=&#8221;.vc_custom_1456424087407{margin-top: 40px !important;padding-top: 50px !important;background-color: #f7f8f8 !important;}&#8221;][vc_column][vc_custom_heading text=&#8221;By the numbers&#8221; font_container=&#8221;tag:h6|font_size:40px|text_align:center&#8221; use_theme_fonts=&#8221;yes&#8221; css=&#8221;.vc_custom_1456418648061{margin-bottom: 35px !important;}&#8221;][\/vc_column][vc_column width=&#8221;1\/4&#8243; css=&#8221;.vc_custom_1456418540889{border-right-width: 1px !important;border-bottom-width: 1px !important;padding-bottom: 20px !important;border-right-color: #dedfdf !important;border-right-style: solid !important;border-bottom-color: #dedfdf !important;border-bottom-style: solid !important;}&#8221;][vc_custom_heading text=&#8221;200&#8243; font_container=&#8221;tag:h4|font_size:48px|text_align:center|color:%2347b7e5&#8243; use_theme_fonts=&#8221;yes&#8221;][vc_custom_heading text=&#8221;Companies Invested&#8221; font_container=&#8221;tag:h6|font_size:18px|text_align:center&#8221; use_theme_fonts=&#8221;yes&#8221;][\/vc_column][vc_column width=&#8221;1\/4&#8243; css=&#8221;.vc_custom_1456418551267{border-right-width: 1px !important;border-bottom-width: 1px !important;padding-bottom: 20px !important;border-right-color: #dedfdf !important;border-right-style: solid !important;border-bottom-color: #dedfdf !important;border-bottom-style: solid !important;}&#8221;][vc_custom_heading text=&#8221;$100M&#8221; font_container=&#8221;tag:h4|font_size:48px|text_align:center|color:%2347b7e5&#8243; use_theme_fonts=&#8221;yes&#8221;][vc_custom_heading text=&#8221;in market value&#8221; font_container=&#8221;tag:h6|font_size:18px|text_align:center&#8221; use_theme_fonts=&#8221;yes&#8221;][\/vc_column][vc_column width=&#8221;1\/4&#8243; css=&#8221;.vc_custom_1456418555181{border-right-width: 1px !important;border-bottom-width: 1px !important;padding-bottom: 20px !important;border-right-color: #dedfdf !important;border-right-style: solid !important;border-bottom-color: #dedfdf !important;border-bottom-style: solid !important;}&#8221;][vc_custom_heading text=&#8221;$50M&#8221; font_container=&#8221;tag:h4|font_size:48px|text_align:center|color:%2347b7e5&#8243; use_theme_fonts=&#8221;yes&#8221;][vc_custom_heading text=&#8221;under management&#8221; font_container=&#8221;tag:h6|font_size:18px|text_align:center&#8221; use_theme_fonts=&#8221;yes&#8221;][\/vc_column][vc_column width=&#8221;1\/4&#8243; css=&#8221;.vc_custom_1456418558585{border-bottom-width: 1px !important;padding-bottom: 20px !important;border-bottom-color: #dedfdf !important;border-bottom-style: solid !important;}&#8221;][vc_custom_heading text=&#8221;20k&#8221; font_container=&#8221;tag:h4|font_size:48px|text_align:center|color:%2347b7e5&#8243; use_theme_fonts=&#8221;yes&#8221;][vc_custom_heading text=&#8221;Jobs created&#8221; font_container=&#8221;tag:h6|font_size:18px|text_align:center&#8221; use_theme_fonts=&#8221;yes&#8221;][\/vc_column][\/vc_row][vc_row full_width=&#8221;stretch_row&#8221; css=&#8221;.vc_custom_1456418609743{margin-top: 0px !important;padding-bottom: 75px !important;background-color: #f7f8f8 !important;}&#8221;][vc_column width=&#8221;1\/4&#8243; css=&#8221;.vc_custom_1456418562986{border-right-width: 1px !important;padding-bottom: 20px !important;border-right-color: #dedfdf !important;border-right-style: solid !important;}&#8221;][vc_custom_heading text=&#8221;15%&#8221; font_container=&#8221;tag:h4|font_size:48px|text_align:center|color:%2347b7e5&#8243; use_theme_fonts=&#8221;yes&#8221;][vc_custom_heading text=&#8221;Consumer Sector&#8221; font_container=&#8221;tag:h6|font_size:18px|text_align:center&#8221; use_theme_fonts=&#8221;yes&#8221;][\/vc_column][vc_column width=&#8221;1\/4&#8243; css=&#8221;.vc_custom_1456418566533{border-right-width: 1px !important;padding-bottom: 20px !important;border-right-color: #dedfdf !important;border-right-style: solid !important;}&#8221;][vc_custom_heading text=&#8221;30%&#8221; font_container=&#8221;tag:h4|font_size:48px|text_align:center|color:%2347b7e5&#8243; use_theme_fonts=&#8221;yes&#8221;][vc_custom_heading text=&#8221;Health Care&#8221; font_container=&#8221;tag:h6|font_size:18px|text_align:center&#8221; use_theme_fonts=&#8221;yes&#8221;][\/vc_column][vc_column width=&#8221;1\/4&#8243; css=&#8221;.vc_custom_1456418569700{border-right-width: 1px !important;padding-bottom: 20px !important;border-right-color: #dedfdf !important;border-right-style: solid !important;}&#8221;][vc_custom_heading text=&#8221;10%&#8221; font_container=&#8221;tag:h4|font_size:48px|text_align:center|color:%2347b7e5&#8243; use_theme_fonts=&#8221;yes&#8221;][vc_custom_heading text=&#8221;services&#8221; font_container=&#8221;tag:h6|font_size:18px|text_align:center&#8221; use_theme_fonts=&#8221;yes&#8221;][\/vc_column][vc_column width=&#8221;1\/4&#8243; css=&#8221;.vc_custom_1456418575662{padding-bottom: 20px !important;}&#8221;][vc_custom_heading text=&#8221;45%&#8221; font_container=&#8221;tag:h4|font_size:48px|text_align:center|color:%2347b7e5&#8243; use_theme_fonts=&#8221;yes&#8221;][vc_custom_heading text=&#8221;Technology&#8221; font_container=&#8221;tag:h6|font_size:18px|text_align:center&#8221; use_theme_fonts=&#8221;yes&#8221;][\/vc_column][\/vc_row][vc_row full_width=&#8221;stretch_row_content&#8221; parallax=&#8221;content-moving&#8221; css=&#8221;.vc_custom_1458147276516{background-image: url(http:\/\/invested.progressionstudios.com\/wp-content\/uploads\/2016\/03\/shutterstock_71757706.jpg?id=68) !important;background-position: center;background-repeat: no-repeat;background-size:cover !important;}&#8221;][vc_column css=&#8221;.vc_custom_1456419393189{padding-top: 85px !important;padding-right: 10% !important;padding-bottom: 55px !important;padding-left: 10% !important;background-color: rgba(70,183,228,0.88) !important;*background-color: rgb(70,183,228) !important;}&#8221;][vc_text_separator title=&#8221;&#8221; i_icon_fontawesome=&#8221;fa fa-quote-left&#8221; i_color=&#8221;custom&#8221; color=&#8221;custom&#8221; border_width=&#8221;4&#8243; el_width=&#8221;30&#8243; add_icon=&#8221;true&#8221; accent_color=&#8221;#182244&#8243; i_custom_color=&#8221;#182244&#8243;][vc_custom_heading text=&#8221;<i>Role building, implementation and collaboration influence the group, while philosophies dramatically result in a calibration.<\/i>&#8221; font_container=&#8221;tag:h5|font_size:36px|text_align:center|color:%23ffffff&#8221; use_theme_fonts=&#8221;yes&#8221; css=&#8221;.vc_custom_1456419338129{margin-bottom: 30px !important;}&#8221;][vc_custom_heading text=&#8221;\u2014 John Doe &#8211; Founder of Startup Company&#8221; font_container=&#8221;tag:h5|font_size:20px|text_align:center|color:%23182244&#8243; use_theme_fonts=&#8221;yes&#8221; css=&#8221;.vc_custom_1456419199782{margin-bottom: 25px !important;}&#8221;][vc_text_separator title=&#8221;&#8221; i_icon_fontawesome=&#8221;fa fa-quote-left&#8221; i_color=&#8221;custom&#8221; color=&#8221;custom&#8221; border_width=&#8221;4&#8243; el_width=&#8221;30&#8243; add_icon=&#8221;true&#8221; accent_color=&#8221;#182244&#8243; i_custom_color=&#8221;#182244&#8243;][\/vc_column][\/vc_row][vc_row full_width=&#8221;stretch_row&#8221; equal_height=&#8221;yes&#8221; css=&#8221;.vc_custom_1458147192680{margin-bottom: -40px !important;padding-top: 40px !important;padding-bottom: 100px !important;background-image: url(http:\/\/invested.progressionstudios.com\/wp-content\/uploads\/2016\/03\/skyline-taller.jpg?id=66) !important;background-position: center !important;background-repeat: no-repeat !important;background-size: cover !important;}&#8221;][vc_column][vc_custom_heading text=&#8221;Our Philosophy&#8221; font_container=&#8221;tag:h6|font_size:18px|text_align:left|color:%23a3a9c8&#8243; use_theme_fonts=&#8221;yes&#8221; css=&#8221;.vc_custom_1456420768550{margin-top: 25px !important;margin-bottom: 0px !important;}&#8221;][vc_custom_heading text=&#8221;The Foundation of Invested&#8221; font_container=&#8221;tag:h2|font_size:50px|text_align:left&#8221; use_theme_fonts=&#8221;yes&#8221; css=&#8221;.vc_custom_1456420860376{margin-bottom: 40px !important;}&#8221;][\/vc_column][vc_column width=&#8221;1\/2&#8243; css=&#8221;.vc_custom_1456420498912{border-right-width: 1px !important;border-bottom-width: 1px !important;padding-top: 55px !important;padding-right: 8% !important;padding-bottom: 20px !important;padding-left: 8% !important;background-color: #ffffff !important;border-right-color: #ebebeb !important;border-right-style: solid !important;border-bottom-color: #ebebeb !important;border-bottom-style: solid !important;}&#8221;][vc_custom_heading text=&#8221;01.&#8221; font_container=&#8221;tag:h6|font_size:24px|text_align:center|color:%23a3a9c8&#8243; use_theme_fonts=&#8221;yes&#8221; css=&#8221;.vc_custom_1456420446553{margin-bottom: 0px !important;}&#8221;][vc_custom_heading text=&#8221;Recruit&#8221; font_container=&#8221;tag:h2|font_size:36px|text_align:center|color:%2347b7e5&#8243; use_theme_fonts=&#8221;yes&#8221; css=&#8221;.vc_custom_1456420425997{margin-bottom: 25px !important;}&#8221;][vc_column_text]Investment companies are business entities, both privately and publicly owned, that manage, sell, and market funds to the public. They typically offer investors a variety of funds and investment services, which include portfolio management.[\/vc_column_text][\/vc_column][vc_column width=&#8221;1\/2&#8243; css=&#8221;.vc_custom_1456420502697{border-bottom-width: 1px !important;padding-top: 55px !important;padding-right: 8% !important;padding-bottom: 20px !important;padding-left: 8% !important;background-color: #ffffff !important;border-bottom-color: #ebebeb !important;border-bottom-style: solid !important;}&#8221;][vc_custom_heading text=&#8221;02.&#8221; font_container=&#8221;tag:h6|font_size:24px|text_align:center|color:%23a3a9c8&#8243; use_theme_fonts=&#8221;yes&#8221; css=&#8221;.vc_custom_1456420508840{margin-bottom: 0px !important;}&#8221;][vc_custom_heading text=&#8221;Build&#8221; font_container=&#8221;tag:h2|font_size:36px|text_align:center|color:%2347b7e5&#8243; use_theme_fonts=&#8221;yes&#8221; css=&#8221;.vc_custom_1456420520491{margin-bottom: 25px !important;}&#8221;][vc_column_text]Investment companies are business entities, both privately and publicly owned, that manage, sell, and market funds to the public. They typically offer investors a variety of funds and investment services, which include portfolio management.[\/vc_column_text][\/vc_column][vc_column width=&#8221;1\/2&#8243; css=&#8221;.vc_custom_1456420815053{border-right-width: 1px !important;padding-top: 55px !important;padding-right: 8% !important;padding-bottom: 20px !important;padding-left: 8% !important;background-color: #ffffff !important;border-right-color: #ebebeb !important;border-right-style: solid !important;}&#8221;][vc_custom_heading text=&#8221;03.&#8221; font_container=&#8221;tag:h6|font_size:24px|text_align:center|color:%23a3a9c8&#8243; use_theme_fonts=&#8221;yes&#8221; css=&#8221;.vc_custom_1456420702133{margin-bottom: 0px !important;}&#8221;][vc_custom_heading text=&#8221;Disrupt&#8221; font_container=&#8221;tag:h2|font_size:36px|text_align:center|color:%2347b7e5&#8243; use_theme_fonts=&#8221;yes&#8221; css=&#8221;.vc_custom_1456420793573{margin-bottom: 25px !important;}&#8221;][vc_column_text]Investment companies are business entities, both privately and publicly owned, that manage, sell, and market funds to the public. They typically offer investors a variety of funds and investment services, which include portfolio management.[\/vc_column_text][\/vc_column][vc_column width=&#8221;1\/2&#8243; css=&#8221;.vc_custom_1456420822965{padding-top: 55px !important;padding-right: 8% !important;padding-bottom: 20px !important;padding-left: 8% !important;background-color: #ffffff !important;}&#8221;][vc_custom_heading text=&#8221;04.&#8221; font_container=&#8221;tag:h6|font_size:24px|text_align:center|color:%23a3a9c8&#8243; use_theme_fonts=&#8221;yes&#8221; css=&#8221;.vc_custom_1456420865056{margin-bottom: 0px !important;}&#8221;][vc_custom_heading text=&#8221;Mentor&#8221; font_container=&#8221;tag:h2|font_size:36px|text_align:center|color:%2347b7e5&#8243; use_theme_fonts=&#8221;yes&#8221; css=&#8221;.vc_custom_1456420870335{margin-bottom: 25px !important;}&#8221;][vc_column_text]Investment companies are business entities, both privately and publicly owned, that manage, sell, and market funds to the public. They typically offer investors a variety of funds and investment services, which include portfolio management.[\/vc_column_text][\/vc_column][\/vc_row]<\/p>\n<\/div>","protected":false},"excerpt":{"rendered":"<p>[vc_row full_width=&#8221;stretch_row_content_no_spaces&#8221; parallax=&#8221;content-moving&#8221; css=&#8221;.vc_custom_1458147146907{padding-top: 200px !important;padding-bottom: 200px !important;background-image: url(http:\/\/invested.progressionstudios.com\/wp-content\/uploads\/2016\/03\/approach-1.jpg?id=64) !important;background-position: center;background-repeat: no-repeat;background-size:cover !important;}&#8221;][vc_column][\/vc_column][\/vc_row][vc_row][vc_column css=&#8221;.vc_custom_1456417719046{padding-right: 10% !important;padding-left: 10% !important;}&#8221;][vc_custom_heading text=&#8221;Sobre nosotros&#8221; font_container=&#8221;tag:h6|font_size:18px|text_align:left|color:%23a3a9c8&#8243; use_theme_fonts=&#8221;yes&#8221; css=&#8221;.vc_custom_1771681567530{margin-top: 25px !important;margin-bottom: 0px !important;}&#8221;][vc_custom_heading text=&#8221;Lift&#8221; font_container=&#8221;tag:h2|font_size:42px|text_align:left|line_height:1.2&#8243; use_theme_fonts=&#8221;yes&#8221; css=&#8221;&#8221;][vc_custom_heading text=&#8221;Invested Capital expects future benefits as an investment in the form of a positive return. The return may consist of capital gain and\/or investment [&hellip;]<\/p>\n","protected":false},"author":1,"featured_media":0,"parent":0,"menu_order":0,"comment_status":"closed","ping_status":"closed","template":"","meta":{"footnotes":""},"class_list":["post-32","page","type-page","status-publish","hentry"],"_links":{"self":[{"href":"https:\/\/liftcapital.net\/index.php\/wp-json\/wp\/v2\/pages\/32","targetHints":{"allow":["GET"]}}],"collection":[{"href":"https:\/\/liftcapital.net\/index.php\/wp-json\/wp\/v2\/pages"}],"about":[{"href":"https:\/\/liftcapital.net\/index.php\/wp-json\/wp\/v2\/types\/page"}],"author":[{"embeddable":true,"href":"https:\/\/liftcapital.net\/index.php\/wp-json\/wp\/v2\/users\/1"}],"replies":[{"embeddable":true,"href":"https:\/\/liftcapital.net\/index.php\/wp-json\/wp\/v2\/comments?post=32"}],"version-history":[{"count":3,"href":"https:\/\/liftcapital.net\/index.php\/wp-json\/wp\/v2\/pages\/32\/revisions"}],"predecessor-version":[{"id":205,"href":"https:\/\/liftcapital.net\/index.php\/wp-json\/wp\/v2\/pages\/32\/revisions\/205"}],"wp:attachment":[{"href":"https:\/\/liftcapital.net\/index.php\/wp-json\/wp\/v2\/media?parent=32"}],"curies":[{"name":"wp","href":"https:\/\/api.w.org\/{rel}","templated":true}]}}